
List the prime factors of 46936.
2, 5867
List the prime factors of 21944173.
53, 233, 1777
List the prime factors of 1665088.
2, 26017
What are the prime factors of 2045543?
2045543
List the prime factors of 4271127.
3, 7, 203387
List the prime factors of 121223.
241, 503
What are the prime factors of 476103?
3, 151, 1051
What are the prime factors of 330485?
5, 157, 421
List the prime factors of 487027.
19, 25633
List the prime factors of 11926796.
2, 7, 8693
What are the prime factors of 3075588?
2, 3, 37, 2309
What are the prime factors of 491651?
491651
List the prime factors of 639339.
3, 53, 4021
What are the prime factors of 120560?
2, 5, 11, 137
What are the prime factors of 177982?
2, 7, 12713
What are the prime factors of 1044889?
1044889
List the prime factors of 11521457.
11521457
List the prime factors of 1562629.
653, 2393
List the prime factors of 1519608.
2, 3, 63317
What are the prime factors of 143462?
2, 11, 6521
List the prime factors of 10496559.
3, 3498853
List the prime factors of 1680216.
2, 3, 70009
List the prime factors of 99564.
2, 3, 8297
List the prime factors of 30581588.
2, 59, 101, 1283
List the prime factors of 324502.
2, 162251
What are the prime factors of 400767?
3, 19, 79, 89
What are the prime factors of 4220327?
4220327
What are the prime factors of 16922572?
2, 23, 419, 439
List the prime factors of 763715.
5, 23, 29, 229
What are the prime factors of 273460?
2, 5, 11, 113
List the prime factors of 479573.
23, 29, 719
List the prime factors of 460655.
5, 13, 19, 373
What are the prime factors of 969831?
3, 197, 547
What are the prime factors of 15438023?
17, 563, 1613
List the prime factors of 2371960.
2, 5, 19, 3121
List the prime factors of 17050776.
2, 3, 710449
What are the prime factors of 355648?
2, 5557
List the prime factors of 483912.
2, 3, 11, 13, 47
List the prime factors of 87180.
2, 3, 5, 1453
What are the prime factors of 29188498?
2, 157, 92957
List the prime factors of 1221007.
257, 4751
What are the prime factors of 1067882?
2, 509, 1049
What are the prime factors of 146616?
2, 3, 41, 149
List the prime factors of 3458478.
2, 3, 113, 5101
List the prime factors of 28014779.
13, 197, 10939
What are the prime factors of 3940880?
2, 5, 49261
List the prime factors of 5348182.
2, 7, 31, 12323
List the prime factors of 25681335.
3, 5, 137, 12497
What are the prime factors of 180361?
180361
What are the prime factors of 472825?
5, 18913
List the prime factors of 53540.
2, 5, 2677
List the prime factors of 639126.
2, 3, 35507
What are the prime factors of 25116844?
2, 479, 13109
List the prime factors of 447927.
3, 149309
List the prime factors of 3653385.
3, 5, 17, 14327
What are the prime factors of 313155?
3, 5, 6959
List the prime factors of 5652674.
2, 2826337
What are the prime factors of 3264354?
2, 3, 61, 991
What are the prime factors of 14544079?
11, 120199
What are the prime factors of 301637?
7, 41, 1051
What are the prime factors of 340138?
2, 19, 8951
List the prime factors of 1328063.
11, 157, 769
List the prime factors of 439911.
3, 5431
What are the prime factors of 15317148?
2, 3, 7, 11, 137
What are the prime factors of 4044822?
2, 3, 389, 1733
What are the prime factors of 1698064?
2, 106129
List the prime factors of 293416.
2, 36677
List the prime factors of 3224545.
5, 644909
What are the prime factors of 4066301?
31, 131171
What are the prime factors of 377816?
2, 83, 569
List the prime factors of 789807.
3, 263269
List the prime factors of 21851909.
23, 950083
List the prime factors of 109900.
2, 5, 7, 157
What are the prime factors of 245969?
223, 1103
What are the prime factors of 602923?
443, 1361
List the prime factors of 1051771.
7, 97, 1549
List the prime factors of 26050.
2, 5, 521
What are the prime factors of 269568?
2, 3, 13
List the prime factors of 27355411.
4027, 6793
List the prime factors of 779853.
3, 191, 1361
List the prime factors of 175242.
2, 3, 29207
What are the prime factors of 2150327?
41, 179, 293
What are the prime factors of 125877?
3, 41959
List the prime factors of 17068865.
5, 11, 89, 317
What are the prime factors of 78595?
5, 11, 1429
What are the prime factors of 26434300?
2, 5, 264343
List the prime factors of 3091687.
41, 75407
List the prime factors of 3478328.
2, 7, 179, 347
List the prime factors of 288793.
107, 2699
List the prime factors of 669811.
37, 43, 421
What are the prime factors of 64710?
2, 3, 5, 719
What are the prime factors of 166001?
11, 15091
List the prime factors of 14736084.
2, 3, 11, 111637
What are the prime factors of 1120642?
2, 67, 8363
What are the prime factors of 3496728?
2, 3, 53, 2749
What are the prime factors of 1751795?
5, 23, 15233
What are the prime factors of 194529?
3, 61, 1063
What are the prime factors of 720094?
2, 37, 263
What are the prime factors of 1001736?
2, 3, 13913
What are the prime factors of 210753?
3, 23417
What are the prime factors of 358687?
7, 51241
List the prime factors of 9659105.
5, 1931821
What are the prime factors of 3461582?
2, 1730791
What are the prime factors of 593899?
593899
List the prime factors of 10326.
2, 3, 1721
What are the prime factors of 10442209?
10442209
List the prime factors of 9318989.
9318989
What are the prime factors of 11363937?
3, 13, 67, 4349
What are the prime factors of 544899?
3, 37, 4909
List the prime factors of 195443.
195443
List the prime factors of 12607343.
7, 37, 48677
List the prime factors of 4204921.
7, 600703
List the prime factors of 81516.
2, 3, 6793
List the prime factors of 1028700.
2, 3, 5, 127
What are the prime factors of 8425578?
2, 3, 7, 200609
List the prime factors of 5120021.
83, 61687
List the prime factors of 9906104.
2, 13, 17, 431
List the prime factors of 4133486.
2, 7, 29, 10181
List the prime factors of 2806797.
3, 7, 133657
What are the prime factors of 1205429?
59, 20431
What are the prime factors of 2935853?
113, 25981
List the prime factors of 8379832.
2, 1047479
List the prime factors of 1115535.
3, 5, 31, 2399
List the prime factors of 60067.
7, 8581
What are the prime factors of 9545097?
3, 43, 61, 1213
List the prime factors of 414985.
5, 82997
What are the prime factors of 51694?
2, 25847
What are the prime factors of 12606922?
2, 6303461
List the prime factors of 20155.
5, 29, 139
List the prime factors of 4452101.
557, 7993
What are the prime factors of 860446?
2, 109, 3947
List the prime factors of 66692.
2, 16673
List the prime factors of 37207.
29, 1283
List the prime factors of 1804747.
7, 347, 743
List the prime factors of 1102587.
3, 467, 787
List the prime factors of 20923351.
19, 1101229
What are the prime factors of 14338263?
3, 79, 101, 599
List the prime factors of 1934394.
2, 3, 7, 11, 53, 79
What are the prime factors of 1793089?
257, 6977
List the prime factors of 159002.
2, 107, 743
What are the prime factors of 5939471?
59, 100669
List the prime factors of 2264465.
5, 7, 23, 29, 97
What are the prime factors of 221080?
2, 5, 5527
List the prime factors of 733382.
2, 13, 67, 421
What are the prime factors of 37012382?
2, 11, 23, 193, 379
List the prime factors of 842455.
5, 168491
What are the prime factors of 1265598?
2, 3, 23, 1019
List the prime factors of 1920714.
2, 3, 320119
List the prime factors of 2764583.
73, 37871
List the prime factors of 9502353.
3, 7, 16759
List the prime factors of 26269124.
2, 7, 938183
What are the prime factors of 32125553?
32125553
List the prime factors of 10678570.
2, 5, 7, 19, 31, 37
List the prime factors of 12022089.
3, 4007363
List the prime factors of 2537658.
2, 3, 17, 8293
What are the prime factors of 4518324?
2, 3, 125509
What are the prime factors of 358853?
11, 17, 19, 101
List the prime factors of 243255.
3, 5, 16217
List the prime factors of 266386.
2, 23, 5791
List the prime factors of 338074.
2, 11, 127
List the prime factors of 758256.
2, 3, 15797
List the prime factors of 980562.
2, 3, 11, 83, 179
What are the prime factors of 3547960?
2, 5, 13, 6823
What are the prime factors of 17529?
3, 5843
List the prime factors of 7350265.
5, 13, 113081
List the prime factors of 3536134.
2, 7, 36083
What are the prime factors of 516947?
516947
What are the prime factors of 41350?
2, 5, 827
What are the prime factors of 11030864?
2, 13, 